{"id":1399,"date":"2024-02-16T12:07:57","date_gmt":"2024-02-16T12:07:57","guid":{"rendered":"http:\/\/yootheme.my-smartbike.eu\/?page_id=1399"},"modified":"2025-01-14T10:29:16","modified_gmt":"2025-01-14T10:29:16","slug":"news","status":"publish","type":"page","link":"https:\/\/my-smartbike.eu\/?page_id=1399","title":{"rendered":"News"},"content":{"rendered":"<p><img decoding=\"async\" src=\"\/wp-content\/uploads\/2024\/02\/news.png\" alt=\"\"><\/p>\n<div><\/div>\n<p><a href=\"#faltbar2\">[chevron-down]<\/a><\/p>\n<div><\/div>\n<p><img decoding=\"async\" src=\"\/wp-content\/uploads\/2024\/02\/Bildschirmfoto-2023-11-03-um-13.25.19.png\" alt=\"\"><\/p>\n<div>\n<p>Sales &amp; Rabatte<\/p>\n<\/div>\n<div>\n<h1>CSC Mitglieder erhalten 7% Rabatt<\/h1>\n<p>Mitglieder des CARAVAN SALON CLUB (CSC) erhalten beim Kauf eines SMART Bikes einen Rabatt in H\u00f6he von 7% auf den Listenverkaufspreis.<\/p>\n<p>Beim diesj\u00e4hrigen Gewinnspiels des CARAVAN SALON CLUBS gewann Jutta Scholz den Hauptpreis. Es war das SMART Bike BIGFoot im Wert von 2.400,00 \u20ac.<\/p>\n<\/div>\n<p>\n    <a href=\"https:\/\/my-smartbike.eu\/?page_id=1656\">Jetzt ansehen<\/a>\n<\/p>\n<p><img decoding=\"async\" src=\"\/wp-content\/uploads\/2024\/02\/Bildschirmfoto-2023-10-23-um-08.46.58.png\" alt=\"\"><\/p>\n<div>\n<p>PODCAST<\/p>\n<\/div>\n<div>\n<h1>My-Travel-bike zu besuch bei <br \/>Vorfahrt<\/h1>\n<p>Optimal f\u00fcr die Stadt, Stra\u00dfe, Feldwege, Strand und mehr. Claus-Georg Petri im Gespr\u00e4ch mit Dirk Diestel, Gesch\u00e4ftsf\u00fchrer des faltbaren E-Bike-Herstellers My-Travel-Bike \u00fcber das erfolgreiche Camping-Fahrrad Smart Bike. <\/p>\n<\/div>\n<p>\n    <a href=\"https:\/\/open.spotify.com\/episode\/2CXMOy7N3doE5RHo4799FG\">Jetzt ansehen<\/a>\n<\/p>\n<p><img decoding=\"async\" src=\"\/wp-content\/uploads\/2024\/02\/PC310255.png\" alt=\"\"><\/p>\n<div>\n<p>VIDEO<\/p>\n<\/div>\n<div>\n<h1>Smartbike im test von VanFan<\/h1>\n<p>Nach vielen Praxistests haben wir das f\u00fcr uns beste E-Bike gefunden.<\/p>\n<p>Die Smart Bikes von Dirk Diestel sind qualitativ hervorragend und haben das beste Preis-Leistungs-Verh\u00e4ltnis in der E-Bike Branche. Schaut Euch f\u00fcr mehr Infos gerne unser Video dazu an!<\/p>\n<\/div>\n<p>\n    <a href=\"#test\">Jetzt ansehen<\/a>\n<\/p>\n<p><img decoding=\"async\" src=\"\/wp-content\/uploads\/2024\/02\/product-school-nOvIa_x_tfo-unsplash.png\" alt=\"\"><\/p>\n<div>\n<p>MESSEAUFTRITT IN FRIEDRICHSHAFEN<\/p>\n<\/div>\n<div>\n<h1>Smartbike bei Eurobike messe 2023<\/h1>\n<p>Eurobike 2024 \u2013 wir waren dabei!<\/p>\n<\/div>\n<p>\n    <a href=\"https:\/\/my-smartbike.eu\/?page_id=1597\">Jetzt ansehen<\/a>\n<\/p>\n<p><img decoding=\"async\" src=\"\/wp-content\/uploads\/2024\/02\/Werkzeugset.png\" alt=\"\"><\/p>\n<div>\n<p>Wir setzen auf service<\/p>\n<\/div>\n<div>\n<h1>Rundum-sorglos-paket<\/h1>\n<p>Mit dem Kauf eines Pedelec von My-Travel-Bike bekommen Sie neben der technisch hochwertigen Ausstattung gratis unser Rundum-Sorglos-Paket dazu. Es beinhaltet eine tolle gro\u00dfe Tasche f\u00fcr den Gep\u00e4cktr\u00e4ger, Getr\u00e4nkehalter, ein Zahlenschlo\u00df, eine hochwertige Regenschutzh\u00fclle bzw. eine Tragetasche, ein Handyhalter, ein Schl\u00fcsselanh\u00e4nger und f\u00fcr alle F\u00e4lle eine Werkzeugtasche mit Minipumpe.\u00a0<\/p>\n<\/p>\n<p>Onlinek\u00e4ufern erstatten wir zwei Mal bis zu 50 Euro Werkstattkosten, falls Sie nach Kauf oder in der 2-j\u00e4hrigen Garantiezeit unerwarteten Einstellbedarf haben.<\/p>\n<\/div>\n<p>\n    <a href=\"https:\/\/my-smartbike.eu\/?page_id=1618\">Jetzt ansehen<\/a>\n<\/p>\n<p><img decoding=\"async\" src=\"\/wp-content\/uploads\/2024\/02\/klappt.png\" alt=\"\"><\/p>\n<div>\n<p>E-bike \u00fcber Arbeitgeber finanzieren<\/p>\n<\/div>\n<div>\n<h1>Bikeleasing MIT Jobrad<\/h1>\n<p>Hallo Fahrrad-Leasing. Hallo Zukunft!<br \/>Das Dienstrad ist eines der beliebtesten Benefits, und das mit gutem Grund: Wer ein Fahrrad oder E-Bike least, spart Geld, h\u00e4lt sich fit und ist nachhaltig unterwegs. \u00dcber eine Million Menschen in mehr als 60.000 Firmen und \u00f6ffentlichen Institutionen fahren bereits JobRad und setzen damit auf eine zukunftsf\u00e4hige Mobilit\u00e4t \u2013 steigen Sie jetzt auch auf und knacken Sie mit uns die n\u00e4chste Million! Machen Sie Ihre Mitarbeitenden gl\u00fccklich und kurbeln Sie als Arbeitgeber mit Fahrrad-Leasing Ihr Gesundheitsmanagement an.<\/p>\n<\/div>\n<p>\n    <a href=\"https:\/\/bikeleasing.de\">Zu Bikeleasing.de<\/a>\n<\/p>\n<p>\n    <a href=\"https:\/\/jobrad.de\">Zu JOBRAD<\/a>\n<\/p>\n<p><img decoding=\"async\" src=\"\/wp-content\/uploads\/2024\/02\/Grun_1-1.png\" alt=\"\"><\/p>\n<div>\n<p>Das Rad zum leichten aufsteigen<\/p>\n<\/div>\n<div>\n<h1>Smartbike nexus 4.0<\/h1>\n<p>Das NEXUS 4.0 hat wie das NEXUS 3.0 einen tiefgezogenen Rahmen (fr\u00fcher sagte man \u201eDamenfahrrad\u201c) f\u00fcr leichtes Auf- und Absteigen. Die 3 Zoll oder 4 Zoll Reifen sorgen f\u00fcr sichere Fahrt auf allen Wegen.<\/p>\n<\/div>\n<p>\n    <a href=\"https:\/\/my-smartbike.eu\/?page_id=2088\">Jetzt ansehen<\/a>\n<\/p>\n<p><!--more--><br \/>\n<!-- {\"type\":\"layout\",\"children\":[{\"type\":\"section\",\"props\":{\"animation\":\"slide-bottom-small\",\"header_transparent_noplaceholder\":true,\"image\":\"wp-content\\\/uploads\\\/2024\\\/02\\\/fingerankopf.png\",\"image_position\":\"bottom-center\",\"image_size\":\"cover\",\"padding\":\"small\",\"padding_remove_bottom\":true,\"style\":\"default\",\"title_breakpoint\":\"xl\",\"title_position\":\"top-left\",\"title_rotation\":\"left\",\"vertical_align\":\"middle\",\"width\":\"default\"},\"children\":[{\"type\":\"row\",\"children\":[{\"type\":\"column\",\"props\":{\"image_position\":\"center-center\",\"position_sticky_breakpoint\":\"m\"},\"children\":[{\"type\":\"image\",\"props\":{\"animation\":\"parallax\",\"image\":\"wp-content\\\/uploads\\\/2024\\\/02\\\/news.png\",\"image_loading\":true,\"image_svg_color\":\"emphasis\",\"image_width\":600,\"margin\":\"xlarge\",\"margin_remove_bottom\":true,\"parallax_easing\":\"0.5\",\"parallax_scale\":\"1,1.2\",\"parallax_start\":\"100%\",\"position\":\"relative\",\"position_z_index\":\"0\"}}]}]},{\"type\":\"row\",\"children\":[{\"type\":\"column\",\"props\":{\"image_position\":\"center-center\",\"position_sticky_breakpoint\":\"m\"},\"children\":[{\"type\":\"yoo_spacer\",\"props\":{\"spacer_element\":\"div\",\"spacer_height\":200}},{\"type\":\"icon\",\"props\":{\"css\":\"a, .uk-link {\\n    color: #315a33 !important;\\n}\",\"icon\":\"chevron-down\",\"icon_width\":60,\"link\":\"#faltbar2\",\"link_style\":\"link\",\"margin\":\"default\",\"text_align\":\"center\"}},{\"type\":\"yoo_spacer\",\"props\":{\"spacer_element\":\"div\",\"spacer_height\":28}}]}],\"props\":{\"row_gap\":\"small\"}}],\"name\":\"Hero\"},{\"type\":\"section\",\"props\":{\"id\":\"faltbar2\",\"image_position\":\"center-center\",\"padding_remove_top\":true,\"style\":\"default\",\"title_breakpoint\":\"xl\",\"title_position\":\"top-left\",\"title_rotation\":\"left\",\"vertical_align\":\"middle\",\"width\":\"default\"},\"children\":[{\"type\":\"row\",\"props\":{\"layout\":\"1-2,1-2\"},\"children\":[{\"type\":\"column\",\"props\":{\"image_position\":\"center-center\",\"position_sticky_breakpoint\":\"m\",\"width_medium\":\"1-2\"},\"children\":[{\"type\":\"image\",\"props\":{\"image\":\"wp-content\\\/uploads\\\/2024\\\/02\\\/Bildschirmfoto-2023-11-03-um-13.25.19.png\",\"image_svg_color\":\"emphasis\",\"margin\":\"default\",\"text_align\":\"center\"}}]},{\"type\":\"column\",\"props\":{\"image_position\":\"center-center\",\"position_sticky_breakpoint\":\"m\",\"width_medium\":\"1-2\"},\"children\":[{\"type\":\"text\",\"props\":{\"column_breakpoint\":\"m\",\"content\":\"\n\n<p>Sales &amp; Rabatte<\\\/p>\",\"css\":\".el-element {\\n    color: black !important;\\n}\",\"margin\":\"remove-vertical\"}},{\"type\":\"text\",\"props\":{\"column_breakpoint\":\"m\",\"content\":\"\n\n<h1>CSC Mitglieder erhalten 7% Rabatt<\\\/h1>\\n\n\n<p>Mitglieder des CARAVAN SALON CLUB (CSC) erhalten beim Kauf eines SMART Bikes einen Rabatt in H\\u00f6he von 7% auf den Listenverkaufspreis.<\\\/p>\\n\n\n<p>Beim diesj\\u00e4hrigen Gewinnspiels des CARAVAN SALON CLUBS gewann Jutta Scholz den Hauptpreis. Es war das SMART Bike BIGFoot im Wert von 2.400,00 \\u20ac.<\\\/p>\",\"css\":\".uk-h1, h1 {\\n    color: black;\\n}\\n.el-element {\\n    color: black !important;\\n}\",\"margin\":\"remove-vertical\"}},{\"type\":\"button\",\"props\":{\"grid_column_gap\":\"small\",\"grid_row_gap\":\"small\",\"margin\":\"default\"},\"children\":[{\"type\":\"button_item\",\"props\":{\"button_style\":\"default\",\"content\":\"Jetzt ansehen\",\"icon_align\":\"left\",\"link\":\"https:\\\/\\\/my-smartbike.eu\\\/?page_id=1656\"}}]}]}]}]},{\"type\":\"section\",\"props\":{\"id\":\"faltbar\",\"image_position\":\"center-center\",\"padding_remove_top\":true,\"status\":\"disabled\",\"style\":\"default\",\"title_breakpoint\":\"xl\",\"title_position\":\"top-left\",\"title_rotation\":\"left\",\"vertical_align\":\"middle\",\"width\":\"default\"},\"children\":[{\"type\":\"row\",\"props\":{\"layout\":\"1-2,1-2\"},\"children\":[{\"type\":\"column\",\"props\":{\"image_position\":\"center-center\",\"position_sticky_breakpoint\":\"m\",\"width_medium\":\"1-2\"},\"children\":[{\"type\":\"image\",\"props\":{\"image\":\"wp-content\\\/uploads\\\/2024\\\/02\\\/tamanna-rumee-KzidBAES-uE-unsplash.png\",\"image_svg_color\":\"emphasis\",\"margin\":\"default\",\"text_align\":\"center\"}}]},{\"type\":\"column\",\"props\":{\"image_position\":\"center-center\",\"position_sticky_breakpoint\":\"m\",\"width_medium\":\"1-2\"},\"children\":[{\"type\":\"text\",\"props\":{\"column_breakpoint\":\"m\",\"content\":\"\n\n<p>Sales &amp; Rabatte<\\\/p>\",\"css\":\".el-element {\\n    color: black !important;\\n}\",\"margin\":\"remove-vertical\"}},{\"type\":\"text\",\"props\":{\"column_breakpoint\":\"m\",\"content\":\"\n\n<h1>BLACK SMARTbike Days<\\\/h1>\\n\n\n<p>LOREM IPSUm<\\\/p>\",\"css\":\".uk-h1, h1 {\\n    color: black;\\n}\\n.el-element {\\n    color: black !important;\\n}\",\"margin\":\"remove-vertical\"}},{\"type\":\"button\",\"props\":{\"grid_column_gap\":\"small\",\"grid_row_gap\":\"small\",\"margin\":\"default\"},\"children\":[{\"type\":\"button_item\",\"props\":{\"button_style\":\"default\",\"content\":\"Jetzt ansehen\",\"icon_align\":\"left\",\"link\":\"https:\\\/\\\/my-smartbike.eu\\\/?page_id=2861\"}}]}]}]}]},{\"type\":\"section\",\"props\":{\"id\":\"faltbar\",\"image_position\":\"center-center\",\"padding_remove_top\":true,\"style\":\"default\",\"title_breakpoint\":\"xl\",\"title_position\":\"top-left\",\"title_rotation\":\"left\",\"vertical_align\":\"middle\",\"width\":\"default\"},\"children\":[{\"type\":\"row\",\"props\":{\"layout\":\"1-2,1-2\"},\"children\":[{\"type\":\"column\",\"props\":{\"image_position\":\"center-center\",\"position_sticky_breakpoint\":\"m\",\"width_medium\":\"1-2\"},\"children\":[{\"type\":\"image\",\"props\":{\"image\":\"wp-content\\\/uploads\\\/2024\\\/02\\\/Bildschirmfoto-2023-10-23-um-08.46.58.png\",\"image_svg_color\":\"emphasis\",\"margin\":\"default\",\"text_align\":\"center\"}}]},{\"type\":\"column\",\"props\":{\"image_position\":\"center-center\",\"position_sticky_breakpoint\":\"m\",\"width_medium\":\"1-2\"},\"children\":[{\"type\":\"text\",\"props\":{\"column_breakpoint\":\"m\",\"content\":\"\n\n<p>PODCAST<\\\/p>\",\"css\":\".el-element {\\n    color: black !important;\\n}\",\"margin\":\"remove-vertical\"}},{\"type\":\"text\",\"props\":{\"column_breakpoint\":\"m\",\"content\":\"\n\n<h1>My-Travel-bike zu besuch bei <br \\\/>Vorfahrt<\\\/h1>\\n\n\n<p>Optimal f\\u00fcr die Stadt, Stra\\u00dfe, Feldwege, Strand und mehr. Claus-Georg Petri im Gespr\\u00e4ch mit Dirk Diestel, Gesch\\u00e4ftsf\\u00fchrer des faltbaren E-Bike-Herstellers My-Travel-Bike \\u00fcber das erfolgreiche Camping-Fahrrad Smart Bike. <\\\/p>\",\"css\":\".uk-h1, h1 {\\n    color: black;\\n}\\n.el-element {\\n    color: black !important;\\n}\",\"margin\":\"remove-vertical\"}},{\"type\":\"button\",\"props\":{\"grid_column_gap\":\"small\",\"grid_row_gap\":\"small\",\"margin\":\"default\"},\"children\":[{\"type\":\"button_item\",\"props\":{\"button_style\":\"default\",\"content\":\"Jetzt ansehen\",\"icon_align\":\"left\",\"link\":\"https:\\\/\\\/open.spotify.com\\\/episode\\\/2CXMOy7N3doE5RHo4799FG\"}}]}]}]}]},{\"type\":\"section\",\"props\":{\"id\":\"faltbar\",\"image_position\":\"center-center\",\"padding_remove_top\":true,\"style\":\"default\",\"title_breakpoint\":\"xl\",\"title_position\":\"top-left\",\"title_rotation\":\"left\",\"vertical_align\":\"middle\",\"width\":\"default\"},\"children\":[{\"type\":\"row\",\"props\":{\"layout\":\"1-2,1-2\"},\"children\":[{\"type\":\"column\",\"props\":{\"image_position\":\"center-center\",\"position_sticky_breakpoint\":\"m\",\"width_medium\":\"1-2\"},\"children\":[{\"type\":\"image\",\"props\":{\"image\":\"wp-content\\\/uploads\\\/2024\\\/02\\\/PC310255.png\",\"image_svg_color\":\"emphasis\",\"margin\":\"default\",\"text_align\":\"center\"}}]},{\"type\":\"column\",\"props\":{\"image_position\":\"center-center\",\"position_sticky_breakpoint\":\"m\",\"width_medium\":\"1-2\"},\"children\":[{\"type\":\"text\",\"props\":{\"column_breakpoint\":\"m\",\"content\":\"\n\n<p>VIDEO<\\\/p>\",\"css\":\".el-element {\\n    color: black !important;\\n}\",\"margin\":\"remove-vertical\"}},{\"type\":\"text\",\"props\":{\"column_breakpoint\":\"m\",\"content\":\"\n\n<h1>Smartbike im test von VanFan<\\\/h1>\\n\n\n<p>Nach vielen Praxistests haben wir das f\\u00fcr uns beste E-Bike gefunden.<\\\/p>\\n\n\n<p>Die Smart Bikes von Dirk Diestel sind qualitativ hervorragend und haben das beste Preis-Leistungs-Verh\\u00e4ltnis in der E-Bike Branche. Schaut Euch f\\u00fcr mehr Infos gerne unser Video dazu an!<\\\/p>\",\"css\":\".uk-h1, h1 {\\n    color: black;\\n}\\n.el-element {\\n    color: black !important;\\n}\",\"margin\":\"remove-vertical\"}},{\"type\":\"button\",\"props\":{\"grid_column_gap\":\"small\",\"grid_row_gap\":\"small\",\"margin\":\"default\"},\"children\":[{\"type\":\"button_item\",\"props\":{\"button_style\":\"default\",\"content\":\"Jetzt ansehen\",\"icon_align\":\"left\",\"link\":\"#test\"}}]}]}]}]},{\"type\":\"section\",\"props\":{\"id\":\"faltbar\",\"image_position\":\"center-center\",\"padding_remove_top\":true,\"style\":\"default\",\"title_breakpoint\":\"xl\",\"title_position\":\"top-left\",\"title_rotation\":\"left\",\"vertical_align\":\"middle\",\"width\":\"default\"},\"children\":[{\"type\":\"row\",\"props\":{\"layout\":\"1-2,1-2\"},\"children\":[{\"type\":\"column\",\"props\":{\"image_position\":\"center-center\",\"position_sticky_breakpoint\":\"m\",\"width_medium\":\"1-2\"},\"children\":[{\"type\":\"image\",\"props\":{\"image\":\"wp-content\\\/uploads\\\/2024\\\/02\\\/product-school-nOvIa_x_tfo-unsplash.png\",\"image_svg_color\":\"emphasis\",\"margin\":\"default\",\"text_align\":\"center\"}}]},{\"type\":\"column\",\"props\":{\"image_position\":\"center-center\",\"position_sticky_breakpoint\":\"m\",\"width_medium\":\"1-2\"},\"children\":[{\"type\":\"text\",\"props\":{\"column_breakpoint\":\"m\",\"content\":\"\n\n<p>MESSEAUFTRITT IN FRIEDRICHSHAFEN<\\\/p>\",\"css\":\".el-element {\\n    color: black !important;\\n}\",\"margin\":\"remove-vertical\"}},{\"type\":\"text\",\"props\":{\"column_breakpoint\":\"m\",\"content\":\"\n\n<h1>Smartbike bei Eurobike messe 2023<\\\/h1>\\n\n\n<p>Eurobike 2024 \\u2013 wir waren dabei!<\\\/p>\",\"css\":\".uk-h1, h1 {\\n    color: black;\\n}\\n.el-element {\\n    color: black !important;\\n}\",\"margin\":\"remove-vertical\"}},{\"type\":\"button\",\"props\":{\"grid_column_gap\":\"small\",\"grid_row_gap\":\"small\",\"margin\":\"default\"},\"children\":[{\"type\":\"button_item\",\"props\":{\"button_style\":\"default\",\"content\":\"Jetzt ansehen\",\"icon_align\":\"left\",\"link\":\"https:\\\/\\\/my-smartbike.eu\\\/?page_id=1597\"}}]}]}]}]},{\"type\":\"section\",\"props\":{\"id\":\"faltbar\",\"image_position\":\"center-center\",\"padding_remove_top\":true,\"style\":\"default\",\"title_breakpoint\":\"xl\",\"title_position\":\"top-left\",\"title_rotation\":\"left\",\"vertical_align\":\"middle\",\"width\":\"default\"},\"children\":[{\"type\":\"row\",\"props\":{\"layout\":\"1-2,1-2\"},\"children\":[{\"type\":\"column\",\"props\":{\"image_position\":\"center-center\",\"position_sticky_breakpoint\":\"m\",\"width_medium\":\"1-2\"},\"children\":[{\"type\":\"image\",\"props\":{\"image\":\"wp-content\\\/uploads\\\/2024\\\/02\\\/Werkzeugset.png\",\"image_svg_color\":\"emphasis\",\"margin\":\"default\",\"text_align\":\"center\"}}]},{\"type\":\"column\",\"props\":{\"image_position\":\"center-center\",\"position_sticky_breakpoint\":\"m\",\"width_medium\":\"1-2\"},\"children\":[{\"type\":\"text\",\"props\":{\"column_breakpoint\":\"m\",\"content\":\"\n\n<p>Wir setzen auf service<\\\/p>\",\"css\":\".el-element {\\n    color: black !important;\\n}\",\"margin\":\"remove-vertical\"}},{\"type\":\"text\",\"props\":{\"column_breakpoint\":\"m\",\"content\":\"\n\n<h1>Rundum-sorglos-paket<\\\/h1>\\n\n\n<p>Mit dem Kauf eines Pedelec von My-Travel-Bike bekommen Sie neben der technisch hochwertigen Ausstattung gratis unser Rundum-Sorglos-Paket dazu. Es beinhaltet eine tolle gro\\u00dfe Tasche f\\u00fcr den Gep\\u00e4cktr\\u00e4ger, Getr\\u00e4nkehalter, ein Zahlenschlo\\u00df, eine hochwertige Regenschutzh\\u00fclle bzw. eine Tragetasche, ein Handyhalter, ein Schl\\u00fcsselanh\\u00e4nger und f\\u00fcr alle F\\u00e4lle eine Werkzeugtasche mit Minipumpe.\\u00a0<\\\/p>\\n\n\n<p><\\\/p>\\n\n\n<p>Onlinek\\u00e4ufern erstatten wir zwei Mal bis zu 50 Euro Werkstattkosten, falls Sie nach Kauf oder in der 2-j\\u00e4hrigen Garantiezeit unerwarteten Einstellbedarf haben.<\\\/p>\",\"css\":\".uk-h1, h1 {\\n    color: black;\\n}\\n.el-element {\\n    color: black !important;\\n}\",\"margin\":\"remove-vertical\"}},{\"type\":\"button\",\"props\":{\"grid_column_gap\":\"small\",\"grid_row_gap\":\"small\",\"margin\":\"default\"},\"children\":[{\"type\":\"button_item\",\"props\":{\"button_style\":\"default\",\"content\":\"Jetzt ansehen\",\"icon_align\":\"left\",\"link\":\"https:\\\/\\\/my-smartbike.eu\\\/?page_id=1618\"}}]}]}]}]},{\"type\":\"section\",\"props\":{\"id\":\"faltbar\",\"image_position\":\"center-center\",\"padding_remove_top\":true,\"style\":\"default\",\"title_breakpoint\":\"xl\",\"title_position\":\"top-left\",\"title_rotation\":\"left\",\"vertical_align\":\"middle\",\"width\":\"default\"},\"children\":[{\"type\":\"row\",\"props\":{\"layout\":\"1-2,1-2\"},\"children\":[{\"type\":\"column\",\"props\":{\"image_position\":\"center-center\",\"position_sticky_breakpoint\":\"m\",\"width_medium\":\"1-2\"},\"children\":[{\"type\":\"image\",\"props\":{\"image\":\"wp-content\\\/uploads\\\/2024\\\/02\\\/klappt.png\",\"image_svg_color\":\"emphasis\",\"margin\":\"default\",\"text_align\":\"center\"}}]},{\"type\":\"column\",\"props\":{\"image_position\":\"center-center\",\"position_sticky_breakpoint\":\"m\",\"width_medium\":\"1-2\"},\"children\":[{\"type\":\"text\",\"props\":{\"column_breakpoint\":\"m\",\"content\":\"\n\n<p>E-bike \\u00fcber Arbeitgeber finanzieren<\\\/p>\",\"css\":\".el-element {\\n    color: black !important;\\n}\",\"margin\":\"remove-vertical\"}},{\"type\":\"text\",\"props\":{\"column_breakpoint\":\"m\",\"content\":\"\n\n<h1>Bikeleasing MIT Jobrad<\\\/h1>\\n\n\n<p>Hallo Fahrrad-Leasing. Hallo Zukunft!<br \\\/>Das Dienstrad ist eines der beliebtesten Benefits, und das mit gutem Grund: Wer ein Fahrrad oder E-Bike least, spart Geld, h\\u00e4lt sich fit und ist nachhaltig unterwegs. \\u00dcber eine Million Menschen in mehr als 60.000 Firmen und \\u00f6ffentlichen Institutionen fahren bereits JobRad und setzen damit auf eine zukunftsf\\u00e4hige Mobilit\\u00e4t \\u2013 steigen Sie jetzt auch auf und knacken Sie mit uns die n\\u00e4chste Million! Machen Sie Ihre Mitarbeitenden gl\\u00fccklich und kurbeln Sie als Arbeitgeber mit Fahrrad-Leasing Ihr Gesundheitsmanagement an.<\\\/p>\",\"css\":\".uk-h1, h1 {\\n    color: black;\\n}\\n.el-element {\\n    color: black !important;\\n}\",\"margin\":\"remove-vertical\"}},{\"type\":\"fragment\",\"props\":{\"margin\":\"default\"},\"children\":[{\"type\":\"row\",\"props\":{\"layout\":\"1-2,1-2\"},\"children\":[{\"type\":\"column\",\"props\":{\"image_position\":\"center-center\",\"position_sticky_breakpoint\":\"m\",\"width_medium\":\"1-2\"},\"children\":[{\"type\":\"button\",\"props\":{\"grid_column_gap\":\"small\",\"grid_row_gap\":\"small\",\"margin\":\"default\",\"text_align\":\"left\"},\"children\":[{\"type\":\"button_item\",\"props\":{\"button_style\":\"default\",\"content\":\"Zu Bikeleasing.de\",\"icon_align\":\"left\",\"link\":\"https:\\\/\\\/bikeleasing.de\"}}]}]},{\"type\":\"column\",\"props\":{\"image_position\":\"center-center\",\"position_sticky_breakpoint\":\"m\",\"width_medium\":\"1-2\"},\"children\":[{\"type\":\"button\",\"props\":{\"grid_column_gap\":\"small\",\"grid_row_gap\":\"small\",\"margin\":\"default\",\"text_align\":\"left\"},\"children\":[{\"type\":\"button_item\",\"props\":{\"button_style\":\"default\",\"content\":\"Zu JOBRAD\",\"icon_align\":\"left\",\"link\":\"https:\\\/\\\/jobrad.de\"}}]}]}]}]}]}]}]},{\"type\":\"section\",\"props\":{\"id\":\"faltbar\",\"image_position\":\"center-center\",\"padding_remove_top\":true,\"style\":\"default\",\"title_breakpoint\":\"xl\",\"title_position\":\"top-left\",\"title_rotation\":\"left\",\"vertical_align\":\"middle\",\"width\":\"default\"},\"children\":[{\"type\":\"row\",\"props\":{\"layout\":\"1-2,1-2\"},\"children\":[{\"type\":\"column\",\"props\":{\"image_position\":\"center-center\",\"position_sticky_breakpoint\":\"m\",\"width_medium\":\"1-2\"},\"children\":[{\"type\":\"image\",\"props\":{\"image\":\"wp-content\\\/uploads\\\/2024\\\/02\\\/Grun_1-1.png\",\"image_svg_color\":\"emphasis\",\"margin\":\"default\",\"text_align\":\"center\"}}]},{\"type\":\"column\",\"props\":{\"image_position\":\"center-center\",\"position_sticky_breakpoint\":\"m\",\"width_medium\":\"1-2\"},\"children\":[{\"type\":\"text\",\"props\":{\"column_breakpoint\":\"m\",\"content\":\"\n\n<p>Das Rad zum leichten aufsteigen<\\\/p>\",\"css\":\".el-element {\\n    color: black !important;\\n}\",\"margin\":\"remove-vertical\"}},{\"type\":\"text\",\"props\":{\"column_breakpoint\":\"m\",\"content\":\"\n\n<h1>Smartbike nexus 4.0<\\\/h1>\\n\n\n<p>Das NEXUS 4.0 hat wie das NEXUS 3.0 einen tiefgezogenen Rahmen (fr\\u00fcher sagte man \\u201eDamenfahrrad\\u201c) f\\u00fcr leichtes Auf- und Absteigen. Die 3 Zoll oder 4 Zoll Reifen sorgen f\\u00fcr sichere Fahrt auf allen Wegen.<\\\/p>\",\"css\":\".uk-h1, h1 {\\n    color: black;\\n}\\n.el-element {\\n    color: black !important;\\n}\",\"margin\":\"remove-vertical\"}},{\"type\":\"button\",\"props\":{\"grid_column_gap\":\"small\",\"grid_row_gap\":\"small\",\"margin\":\"default\"},\"children\":[{\"type\":\"button_item\",\"props\":{\"button_style\":\"default\",\"content\":\"Jetzt ansehen\",\"icon_align\":\"left\",\"link\":\"https:\\\/\\\/my-smartbike.eu\\\/?page_id=2088\"}}]}]}]}]}],\"version\":\"4.3.8\",\"yooessentialsVersion\":\"2.2.7\"} --><\/p>\n","protected":false},"excerpt":{"rendered":"<p>[chevron-down] Sales &amp; Rabatte CSC Mitglieder erhalten 7% Rabatt Mitglieder des CARAVAN SALON CLUB (CSC) erhalten beim Kauf eines SMART Bikes einen Rabatt in H\u00f6he von 7% auf den Listenverkaufspreis. Beim diesj\u00e4hrigen Gewinnspiels des CARAVAN SALON CLUBS gewann Jutta Scholz den Hauptpreis. Es war das SMART Bike BIGFoot im Wert von 2.400,00 \u20ac. Jetzt ansehen [&hellip;]<\/p>\n","protected":false},"author":1,"featured_media":0,"parent":0,"menu_order":0,"comment_status":"closed","ping_status":"closed","template":"","meta":{"_acf_changed":false,"footnotes":""},"class_list":["post-1399","page","type-page","status-publish","hentry"],"acf":[],"_links":{"self":[{"href":"https:\/\/my-smartbike.eu\/index.php?rest_route=\/wp\/v2\/pages\/1399","targetHints":{"allow":["GET"]}}],"collection":[{"href":"https:\/\/my-smartbike.eu\/index.php?rest_route=\/wp\/v2\/pages"}],"about":[{"href":"https:\/\/my-smartbike.eu\/index.php?rest_route=\/wp\/v2\/types\/page"}],"author":[{"embeddable":true,"href":"https:\/\/my-smartbike.eu\/index.php?rest_route=\/wp\/v2\/users\/1"}],"replies":[{"embeddable":true,"href":"https:\/\/my-smartbike.eu\/index.php?rest_route=%2Fwp%2Fv2%2Fcomments&post=1399"}],"version-history":[{"count":43,"href":"https:\/\/my-smartbike.eu\/index.php?rest_route=\/wp\/v2\/pages\/1399\/revisions"}],"predecessor-version":[{"id":2905,"href":"https:\/\/my-smartbike.eu\/index.php?rest_route=\/wp\/v2\/pages\/1399\/revisions\/2905"}],"wp:attachment":[{"href":"https:\/\/my-smartbike.eu\/index.php?rest_route=%2Fwp%2Fv2%2Fmedia&parent=1399"}],"curies":[{"name":"wp","href":"https:\/\/api.w.org\/{rel}","templated":true}]}}